 49345362.
2, 3, 11, 27691
What are the prime factors of 1381497236?
2, 7, 1327, 37181
What are the prime factors of 427389316?
2, 17, 6285137
What are the prime factors of 38662608?
2, 3, 805471
What are the prime factors of 21606991?
7, 440959
What are the prime factors of 974506031?
107, 269, 33857
What are the prime factors of 4146062596?
2, 13, 79731973
What are the prime factors of 1444299612?
2, 3, 7, 499, 34457
What are the prime factors of 1585527874?
2, 7, 509, 222499
What are the prime factors of 4656893076?
2, 3, 11, 23, 511297
List the prime factors of 757910103.
3, 31, 8149571
What are the prime factors of 549666058?
2, 29, 277, 34213
List the prime factors of 1422787272.
2, 3, 593, 99971
List the prime factors of 4713721155.
3, 5, 11, 13, 17, 53, 271
What are the prime factors of 1152739745?
5, 230547949
List the prime factors of 1272960010.
2, 5, 7, 18185143
What are the prime factors of 98690548?
2, 11, 613, 3659
What are the prime factors of 1390946171?
17, 179, 457097
List the prime factors of 918494062.
2, 89, 5160079
What are the prime factors of 6416924134?
2, 29, 37, 59, 859
List the prime factors of 202116665.
5, 40423333
What are the prime factors of 48373805?
5, 59, 163979
List the prime factors of 101067497.
23, 1223, 3593
List the prime factors of 211195991.
271, 619, 1259
What are the prime factors of 47806600?
2, 5, 151, 1583
List the prime factors of 14202862.
2, 7101431
What are the prime factors of 296895910?
2, 5, 29, 149, 6871
List the prime factors of 1582157693.
1582157693
List the prime factors of 1966625253.
3, 43, 5081719
List the prime factors of 349213865.
5, 7, 11, 13, 6343
List the prime factors of 92595812.
2, 97, 238649
What are the prime factors of 332280479?
43, 53, 211, 691
List the prime factors of 4197123980.
2, 5, 7, 179, 167483
What are the prime factors of 5611505393?
13, 31, 2039, 6829
What are the prime factors of 3463364372?
2, 13, 17, 3917833
What are the prime factors of 1015356584?
2, 11, 29, 397867
List the prime factors of 571800498.
2, 3, 43, 2216281
What are the prime factors of 12070495?
5, 2414099
List the prime factors of 8724655.
5, 17, 102643
What are the prime factors of 67962484?
2, 937, 18133
List the prime factors of 250263906.
2, 3, 89, 367, 1277
List the prime factors of 31383844.
2, 37, 53, 4001
What are the prime factors of 615872224?
2, 11, 151, 11587
List the prime factors of 206282067.
3, 37, 193, 9629
What are the prime factors of 17552856?
2, 3, 731369
List the prime factors of 34050844.
2, 2803, 3037
What are the prime factors of 776911436?
2, 7, 3461, 8017
List the prime factors of 684165367.
139, 4922053
List the prime factors of 171915807.
3, 7, 239, 34253
What are the prime factors of 3115412593?
41, 2687, 28279
What are the prime factors of 56844312?
2, 3, 7, 48337
List the prime factors of 404355021.
3, 7, 19255001
What are the prime factors of 16639988?
2, 4159997
List the prime factors of 151983050.
2, 5, 37, 82153
List the prime factors of 133935917.
229, 584873
What are the prime factors of 59634477?
3, 7, 946579
What are the prime factors of 363774821?
363774821
List the prime factors of 4088407529.
211, 269, 72031
What are the prime factors of 364716857?
83, 1609, 2731
List the prime factors of 4146755993.
4146755993
What are the prime factors of 17327551?
1709, 10139
What are the prime factors of 2691403117?
13, 4421, 46829
What are the prime factors of 52742228?
2, 7, 11, 17, 1439
What are the prime factors of 2654716261?
16253, 163337
What are the prime factors of 61345309?
59, 109, 9539
What are the prime factors of 77370822?
2, 3, 1193, 1201
What are the prime factors of 2261593617?
3, 19, 1021, 38861
List the prime factors of 2132198586.
2, 3, 7, 53, 71, 1499
List the prime factors of 26638671.
3, 167, 53171
What are the prime factors of 2371048807?
1637, 1448411
What are the prime factors of 3582971221?
17, 179, 1177447
What are the prime factors of 5274893273?
13, 83, 4888687
What are the prime factors of 21836737?
13, 97, 17317
What are the prime factors of 18689387?
73, 256019
List the prime factors of 2768993361.
3, 10429, 29501
List the prime factors of 1649730897.
3, 183303433
List the prime factors of 721986413.
17, 5939, 7151
List the prime factors of 139433433.
3, 46477811
What are the prime factors of 61897931?
97, 638123
List the prime factors of 39676917.
3, 7, 43, 6277
List the prime factors of 193766444.
2, 23, 191, 11027
What are the prime factors of 4107143096?
2, 7, 29, 2529029
What are the prime factors of 500634500?
2, 5, 31, 32299
What are the prime factors of 16231824?
2, 3, 7, 16103
List the prime factors of 453972906.
2, 3, 37, 47, 14503
What are the prime factors of 599140318?
2, 7, 139, 499, 617
List the prime factors of 1132444599.
3, 11, 13, 263, 10037
List the prime factors of 756344819.
756344819
List the prime factors of 827767855.
5, 4493, 36847
List the prime factors of 192274842.
2, 3, 137, 233911
List the prime factors of 30520457.
11, 17, 163211
What are the prime factors of 93527204?
2, 29, 806269
What are the prime factors of 3587394959?
19, 188810261
What are the prime factors of 597714788?
2, 11, 13584427
List the prime factors of 576973795.
5, 17, 541, 12547
List the prime factors of 7317261524.
2, 179, 10219639
What are the prime factors of 628294162?
2, 347, 2609
List the prime factors of 4417540394.
2, 19, 59, 103703
List the prime factors of 89387139.
3, 17, 983, 1783
List the prime factors of 642998857.
642998857
What are the prime factors of 77103358?
2, 881, 43759
What are the prime factors of 133131495?
3, 5, 7, 47, 53, 509
List the prime factors of 4863760.
2, 5, 11, 5527
List the prime factors of 349267826.
2, 281, 621473
List the prime factors of 460624164.
2, 3, 7, 11, 13, 31, 1237
List the prime factors of 77480875.
5, 641, 967
What are the prime factors of 136300985?
5, 17, 1603541
List the prime factors of 402640112.
2, 7, 3595001
What are the prime factors of 87779035?
5, 17555807
What are the prime factors of 219646054?
2, 83, 1323169
List the prime factors of 91851753.
3, 7, 4373893
List the prime factors of 260106404.
2, 53, 593, 2069
List the prime factors of 11900756.
2, 7, 425027
List the prime factors of 92808899.
17, 5459347
List the prime factors of 26650228.
2, 11, 605687
List the prime factors of 6909505524.
2, 3, 63976903
List the prime factors of 578686999.
11, 52607909
What are the prime factors of 85376784?
2, 3, 1778683
List the prime factors of 3904420.
2, 5, 13, 15017
List the prime factors of 783891839.
783891839
List the prime factors of 423361799.
7, 60480257
What are the prime factors of 98455131?
3, 19, 181, 3181
List the prime factors of 2142167649.
3, 2689, 265547
What are the prime factors of 82392590?
2, 5, 7, 1177037
What are the prime factors of 3042768337?
7, 62097313
List the prime factors of 348908328.
2, 3, 53, 91433
List the prime factors of 11973910.
2, 5, 13, 92107
List the prime factors of 3964700957.
7, 566385851
List the prime factors of 53891043.
3, 659, 27259
List the prime factors of 3623344554.
2, 3, 6971, 86629
List the prime factors of 540375302.
2, 270187651
List the prime factors of 60894960.
2, 3, 5, 7, 67, 541
What are the prime factors of 56949488?
2, 3559343
What are the prime factors of 525328449?
3, 31, 41, 311, 443
What are the prime factors of 248072703?
3, 82690901
List the prime factors of 9241501741.
92237, 100193
What are the prime factors of 1145024778?
2, 3, 19, 23, 61, 7159
List the prime factors of 125021016.
2, 3, 31, 18671
What are the prime factors of 24893552?
2, 1555847
List the prime factors of 942014037.
3, 67, 4686637
List the prime factors of 37177440.
2, 3, 5, 73, 1061
List the prime factors of 416383861.
416383861
List the prime factors of 4282403938.
2, 17, 125953057
What are the prime factors of 65532338?
2, 347, 94427
What are the prime factors of 16887993?
3, 47, 119773
What are the prime factors of 5427000020?
2, 5, 13, 19, 71, 15473
What are the prime factors of 217259548?
2, 11, 103, 47939
List the prime factors of 137950926.
2, 3, 929, 24749
What are the prime factors of 470551382?
2, 7, 773, 43481
What are the prime factors of 11253417?
3, 7, 23, 1013
What are the prime factors of 76617225?
3, 5, 223, 